{"id":34,"date":"2019-07-26T12:26:12","date_gmt":"2019-07-26T10:26:12","guid":{"rendered":"http:\/\/imagescolr.fr\/?page_id=34"},"modified":"2025-12-17T14:14:27","modified_gmt":"2025-12-17T13:14:27","slug":"commander-des-photos","status":"publish","type":"page","link":"https:\/\/imagescolr.fr\/index.php\/commander-des-photos\/","title":{"rendered":"Acc\u00e8s photos et commandes"},"content":{"rendered":"\n<p class=\"has-text-align-center has-cyan-bluish-gray-color has-text-color has-medium-font-size\">Chers parents, vous vous \u00eates \u00e9gar\u00e9s, pour acc\u00e9der \u00e0 la galerie cliquez l\u00e0&#8230;<\/p>\n\n\n\n<div class=\"wp-block-button is-style-outline aligncenter is-style-outline--1\"><a class=\"wp-block-button__link has-pale-cyan-blue-background-color has-background wp-element-button\" href=\"https:\/\/imagescolr.lumys-scolaire.photo\/authentication\/signin\">PARENTS &#8211; Cliquez ici pour d\u00e9couvrir vos photos scolaires<\/a><\/div>\n\n\n\n<div style=\"height:50px\" aria-hidden=\"true\" class=\"wp-block-spacer\"><\/div>\n\n\n\n<p class=\"has-text-align-center has-cyan-bluish-gray-color has-text-color has-medium-font-size\">Responsable d&rsquo;\u00e9tablissement, pour acc\u00e9der au site administrateur de l&rsquo;\u00e9cole cliquez ici&#8230;<\/p>\n\n\n\n<div class=\"wp-block-button is-style-outline aligncenter is-style-outline--2\"><a class=\"wp-block-button__link has-very-dark-gray-color has-vivid-cyan-blue-background-color has-text-color has-background wp-element-button\" href=\"https:\/\/ecoles.lumys-scolaire.photo\/login\" target=\"_blank\" rel=\"noreferrer noopener\">ECOLE &#8211; Cliquez ici pour acc\u00e9der au suivi des commandes<\/a><\/div>\n\n\n\n<figure class=\"wp-block-gallery has-nested-images columns-default is-cropped wp-block-gallery-3 is-layout-flex wp-block-gallery-is-layout-flex\">\n<figure class=\"wp-block-image\"><img loading=\"lazy\" decoding=\"async\" width=\"700\" height=\"467\" data-id=\"176\" src=\"https:\/\/imagescolr.fr\/wp-content\/uploads\/2019\/07\/blur-close-up-collage-196655-3.jpg\" alt=\"\" class=\"wp-image-176\" srcset=\"https:\/\/imagescolr.fr\/wp-content\/uploads\/2019\/07\/blur-close-up-collage-196655-3.jpg 700w, https:\/\/imagescolr.fr\/wp-content\/uploads\/2019\/07\/blur-close-up-collage-196655-3-300x200.jpg 300w\" sizes=\"auto, (max-width: 700px) 100vw, 700px\" \/><\/figure>\n\n\n\n<figure class=\"wp-block-image\"><img loading=\"lazy\" decoding=\"async\" width=\"1024\" height=\"576\" data-id=\"177\" src=\"https:\/\/imagescolr.fr\/wp-content\/uploads\/2019\/07\/maxresdefault-2-1024x576.jpg\" alt=\"\" class=\"wp-image-177\" srcset=\"https:\/\/imagescolr.fr\/wp-content\/uploads\/2019\/07\/maxresdefault-2-1024x576.jpg 1024w, https:\/\/imagescolr.fr\/wp-content\/uploads\/2019\/07\/maxresdefault-2-300x169.jpg 300w, https:\/\/imagescolr.fr\/wp-content\/uploads\/2019\/07\/maxresdefault-2-768x432.jpg 768w, https:\/\/imagescolr.fr\/wp-content\/uploads\/2019\/07\/maxresdefault-2.jpg 1280w\" sizes=\"auto, (max-width: 1024px) 100vw, 1024px\" \/><\/figure>\n<\/figure>\n","protected":false},"excerpt":{"rendered":"<p>Chers parents, vous vous \u00eates \u00e9gar\u00e9s, pour acc\u00e9der \u00e0 la galerie cliquez l\u00e0&#8230; Responsable d&rsquo;\u00e9tablissement, pour [&hellip;]<\/p>\n","protected":false},"author":1,"featured_media":0,"parent":0,"menu_order":0,"comment_status":"closed","ping_status":"closed","template":"","meta":{"footnotes":""},"class_list":["post-34","page","type-page","status-publish","hentry"],"_links":{"self":[{"href":"https:\/\/imagescolr.fr\/index.php\/wp-json\/wp\/v2\/pages\/34","targetHints":{"allow":["GET"]}}],"collection":[{"href":"https:\/\/imagescolr.fr\/index.php\/wp-json\/wp\/v2\/pages"}],"about":[{"href":"https:\/\/imagescolr.fr\/index.php\/wp-json\/wp\/v2\/types\/page"}],"author":[{"embeddable":true,"href":"https:\/\/imagescolr.fr\/index.php\/wp-json\/wp\/v2\/users\/1"}],"replies":[{"embeddable":true,"href":"https:\/\/imagescolr.fr\/index.php\/wp-json\/wp\/v2\/comments?post=34"}],"version-history":[{"count":25,"href":"https:\/\/imagescolr.fr\/index.php\/wp-json\/wp\/v2\/pages\/34\/revisions"}],"predecessor-version":[{"id":403,"href":"https:\/\/imagescolr.fr\/index.php\/wp-json\/wp\/v2\/pages\/34\/revisions\/403"}],"wp:attachment":[{"href":"https:\/\/imagescolr.fr\/index.php\/wp-json\/wp\/v2\/media?parent=34"}],"curies":[{"name":"wp","href":"https:\/\/api.w.org\/{rel}","templated":true}]}}